(-7 - (-13 - (0 + -6))))?
51
Calculate -115 + (-3 - -38) + 37 + -3.
-46
Calculate -23 + 4 + (2 + 111 - (117 - 87)).
64
What is the value of -80 - (42 - (2 + 14)) - (-4 - 6)?
-96
1721 + -1724 - ((13 - 7) + -6)
-3
Evaluate -3 - (-47 - -67 - (6 - -1 - -4)).
-12
What is the value of -19 + (-39 - (-15 + 12))?
-55
Calculate 15 - ((-9 - (-16 - 11)) + -22).
19
Calculate 68 + -147 + (57 - 0).
-22
Evaluate 401 + -416 - (12 + 1 + 73).
-101
Evaluate -17 - (-49 + 34 - -39).
-41
What is -6 + -38 + 17 - -43?
16
Calculate 46 - (12 + -8 + 8 + -12 + -13).
59
What is -9 + 15 + 8 - (2 - 19) - (1 + -9)?
39
Evaluate -59 + 152 + (-225 - -16).
-116
(2 - 30) + (269 - 295) + 32
-22
Calculate 53 + 26 + -54 + -30 + -15.
-20
What is -3 - (-4 - (0 - -3 - 2)) - -46?
48
What is -44 + (-94 + 47 - -65)?
-26
What is the value of 19 + -39 - (-68 + -4 + 12)?
40
Calculate 3 + -4 + -24 - (-128 + -68 + 182).
-11
Evaluate -20 + -14 + (4 - -18) + -2.
-14
What is the value of (-68 - (-164 + 82)) + (2 - 16) + (1 - 83)?
-82
What is the value of -11 - (-13 - (-2 - -28)) - -6?
34
What is the value of -75 - (2 - 3 - 2 - (21 + -24 + 7))?
-68
What is the value of -3 + 3 - 8 - (0 - 11 - (6 - 44))?
-35
Calculate (-2425 - -2481) + -41 + 0.
15
28 - 6 - (13 - -66 - 31)
-26
What is the value of 9 + (18 - 34 - -17) + -15 - (-79 - -5)?
69
Calculate -62 - (0 + 1) - (3163 + -3185).
-41
What is (-34 - -47 - 104) + (2 - -13) - -22?
-54
What is (34 + -31 - (12 - 1)) + -15?
-23
What is (-5 - (6 - (1 + 11 + -9))) + 9?
1
Evaluate -12 - (20 - (-32 - (-55 - -19))).
-28
What is 28 + -91 + 28 - 50?
-85
2 + -33 + (7 - 1) - (0 + 2 + -1)
-26
What is 36 + -54 + 12 - 28?
-34
What is the value of -55 - (-66 + 77) - -47?
-19
Evaluate (108 + -105 - 88) + 1 + 33.
-51
What is the value of -3 + 92 + -427 + 371?
33
Calculate -9 - 0 - ((14 - -9) + -20 - -45).
-57
What is the value of -7 + 6 + -85 + (-144 - -142)?
-88
What is 203 + -178 - (-33 + -9)?
67
What is the value of 7 + (10 - (-17 - (7 + -5)))?
36
Evaluate (-35 - 2) + -5 - -11 - (-9 - -3).
-25
Evaluate -23 + 21 + (-22 + 2 - -19).
-3
Evaluate -22 - (3 - (-79 - -47)).
-57
Evaluate -134 + 175 + -80 + 71.
32
Evaluate 6 - ((1 - -36) + (93 - 108)).
-16
Calculate 1 + 1 - (-46 + -7 + -3 + 2 + 8).
48
Evaluate -115 + (-62 - (90 + -166)).
-101
Evaluate 59 - ((-1 - -4) + -3 - 1 - (3934 - 3936)).
58
(-35 + -3 - (-380 + 362)) + -42
-62
Calculate -62 + -132 + 136 + (2 - 0) + 9.
-47
Evaluate -91 + (42 - (-112 + -5)).
68
Calculate (-8 - -14 - -7) + (2 + -89 + 8 - -4).
-62
What is (-5 - -18) + 4 + -8 + 4 - (21 + 46)?
-54
What is 188 - (36 - (62 + -124))?
90
What is the value of -1 + -16 - ((19 - 19 - 28) + 34)?
-23
Evaluate 22 + -52 + 30 + 8.
8
Calculate 176 - 134 - (-4 + 1 + 178).
-133
What is -124 + (-177 - -305) + -1 + -100?
-97
Calculate (-3 - 14) + -11 + 0 + 20 + -12.
-20
What is (1 - 2 - 6) + (65 - 106) + (42 - 2)?
-8
Evaluate 29 + 1127 + -1108 + (-122 - 1).
-75
What is -4 + 9 + -7 + 19 + 9 + -16?
10
5 + -103 + -11 + 13 + 12 + (-2 - 10)
-96
What is -3051 + 3172 + (0 - 148)?
-27
51 - 7 - (-16 + -14 + 25 - -17)
32
What is the value of 5 + (8 - (-17 - -35) - -9) + (-65 - 0)?
-61
Evaluate 1105 - 1034 - (-2 - -55).
18
Evaluate (9 - 4) + -46 - -59.
18
Evaluate -1 - 46 - ((33 - (-7 - -15)) + -52 + 21).
-41
9 + 7 - (3 + (9 - 0 - 7 - -8))
3
Calculate 12 + -5 + 0 + 8 + (28 - (-19 + -7)).
69
What is the value of 56 - ((12 - 6) + -3 + (5 - (19 - 8)))?
59
Evaluate 22 + -8 + -17 + 2 + 70 - (-18 + 28).
59
What is the value of 64 + (92 - (43 + 29))?
84
Evaluate 7 - (-17 + 21 + 32) - -117.
88
Calculate (-13 - -1 - (107 + (46 - 168))) + 72.
75
1 - (-20 + (2 - 1)) - (192 + (-513 - -325))
16
Calculate -33 + (3 - (28 - 19) - -5).
-34
What is the value of (-90 - -69 - (-14 - -7 - 8 - -8)) + -16?
-30
(-2 - -5 - 47) + -11 + (3 - -9)
-43
What is the value of -318 - -324 - (1 + 4) - (59 - 0)?
-58
-110 - (-37 - (1 + 7))
-65
28 + -106 + 31 + 12
-35
Evaluate (6 - 26) + (3 + -40 - -71).
14
What is the value of 25 + (20 - 2) + (9 - (-17 + 38))?
31
4 + -3 + 65 + (29 - -2 - 45)
52
What is 1 + -21 + (-1615 - -1659)?
24
Calculate 1 - -27 - (50 - (49 + -20)).
7
Calculate 2 + (-6 - -9 - -8) - (6 + -62).
69
27 + -34 + -5 + 18 + 18
24
Evaluate -123 + 48 + (16 - 17).
-76
What is the value of -34 + 47 + (-1 - -27) + -9?
30
10 + 1 - (-1 - -17 - (110 + -139))
-34
Evaluate 11 - (3 - 5) - 10 - (16 + 0).
-13
What is (-3 - (-10 + 9 + -2 + -6)) + -10?
-4
What is 32 + (-99 - -99) + (0 - 5)?
27
-45 - (-19 - -40 - 28)
-38
Evaluate (-335 + 357 - (3 - -21)) + 3.
1
What is the value of -13 + -2 + -3 - (-20 + (19 - -59))?
-76
What is -3 + (44 - 4) - (113 + -93)?
17
21 - (4 + -1 + -249 + 194 - -19)
54
Evaluate 10 + -8 + (-6 - (4 + -5) - 6) + 7.
-2
What is the value of (15 - 2) + -1 - (67 + -58 - 2)?
5
Evaluate 275 + 178 + -337 + 1 + -1 + -17.
99
What is the value of (-69 - 5 - -40) + 1 + 12?
-21
3 + 0 - (-64 + 20 + -2 + -1) - 5
45
Calculate 3 + (-8 + 2 + 3 + 7 - 18).
-11
-20 + 1 + (38 + -53 - 2) + 3
-33
Calculate 12 - 9 - ((-43 - -184) + -56).
-82
What is the value of (-134 - 105) + -65 + 166?
-138
Evaluate 0 + 0 + (341 - 345) + (3 - -5).
4
What is the value of -24 + 17 + -62 + 30?
-39
-113 + 20 + (15 + -41 - 5)
-124
What is -57 + (2 - -21) + 23 + 59?
48
What is the value of 50 + (-2 - (-3 + 2) - (-88 - -92)) - 3?
42
Evaluate 112 - 93 - ((9 - 110) + 9 - 5).
116
Evaluate 11 + -4 + 1 - (5 - -3 - -43).
-43
What is 2 + (-15 - 51) + 23?
-41
What is (-1937 - -1938) + 1 + 4 + 92?
98
(2 - (-6 - 1)) + -103 + 20
-74
Evaluate (12 - 8 - 31) + (-7 - -30) + -16.
-20
Calculate (-3 + (12 - 11) + -10 - -8) + 4.
0
What is -26 - (1 + (-37 - -31))?
-21
What is the value of -4 + 27 - (95 - 122)?
50
Evaluate 82 + -6 + (1 - 0) + (69 - 64) + 4.
86
What is the value of 32 + (-39 - -34) + -4?
23
What is the value of -5 + -3 + 20 + -54 + (-6 - -4) - 4?
-48
-60412 - -60424 - (11 - (0 - 1 - (0 - 0)))
0
Evaluate 4 + (107 - 64 - -93).
140
Calculate (-5 - -63) + (-226 - -175).
7
What is the value of 143 + (-119 - 104) - -44?
-36
Calculate (-3 - (-114 + 20)) + -7 + (14 + 4 - -5).
107
What is (4 - 19 - (168 - 189) - 126) + (11 - 0)?
-109
What is the value of (-6 - (-2 - 14)) + 6 + 24?
40
38 + (19 - 52) + -14 + -1 + -1
-11
Evaluate (8 - 2) + (13 - (-12 + 61 - -3 - -2)).
-35
Calculate 145 - (7 - (-38 + 26) - 22).
148
Calculate (-344 - -320) + (1 - -12).
-11
-461 - -490 - (-2 - -1 - (7 + -15))
22
What is the value of (-42 - -158 - 206) + -23?
-113
What is the value of (-12 - (-107 - 6)) + -27 + -14 + 27?
87
What is the value of 53 + -39 + 12 + (4 - -95)?
125
What is the value of -2 + -56 + 28 - -93?
63
What is the value of -6 + 67 - (-101 + 38 + 37)?
87
14 - 81 - 4 - (-173 + 145)
-43
What is the value of -37 + (57 - -30 - 49)?
1
What is 45 + (-17 - -14) + -42?
0
(45 - 19 - 23) + 5 + 17
25
-8 + 0 + 30 + -125 + 108
5
-207 + -118 + 319 - (-1 - (-1 - -16))
10
(44 - 17) + 76 + (-12 - 0) + 14
105
What is 98 + -95 + 1 + -3 + (1 - 44)?
-42
Evaluate -13 + (13 - 22 - -30) - -34.
42
Calculate (-1 - 6) + (1 - 11) + 13 + -77 + 58.
-23
Evaluate 18571 + -18577 + (-7 - (0 - 0 - 1)) + 13.
1
Calculate -16 + (-6 - -7 - -26) + 58.
69
Evaluate -80 - -69 - 11 - 44.
-66
-88 + -3 + -287 + 426
48
Calculate 8 - ((-2 - -1) + 10 + 18 + 13 + 74).
-106
69 + 6 + -35 + -21 + 10
29
Calculate 32 - (5 + (-12 - -50)).
-11
What is -16 + 2 - (-29 - -15 - (-21 - -6))?
-15
Calculate 0 - (-4 - 3) - (-4 - -20).
-9
10 - (-5 - -14) - ((-3 - -10) + (-6 - 4))
4
What is -3 + (-83 - (77 - 151))?
-12
Evaluate 8 + 26 + -31 + 43.
46
What is 4 - -41 - (11 + (-32 - -13))?
53
Calculate -15 + 4 - (44 + -2 - 41) - -143.
131
What is (3 - -109) + 5 + -23 + (29 + 8 - 12)?
119
(4 - (-8 - -2)) + (61 - (-11 + 39))
43
Calculate (7 - 13 - (7 + -10 + -9)) + 42.
48
Calculate (16 - -18 - -70) + -56.
48
What is the value of 20 - (87 + 30 + -20)?
-77
What is the value of -1 + -54 + (-17 - (-20 - (-8 - (10 - 11))))?
-59
Evaluate -4 + -32 - (51 - 9 - 18 - 20).
-40
What is the value of (-82 + 24 - -55) + 68?
65
-83 - -43 - (-7 + (13 - 5 - -5) + -6)
-40
13 - (0 + 12 + -25 - -31)
-5
What is -43 - (70 + 13 + -70)?
-56
Evaluate (-50 - (-70 - -32)) + -12.
-24
-63 - -90 - (-7 - 17) - 30
21
What is the value of (-86 - -22 - -35) + 24?
-5
What is -35 + -4 + 38 + (-2 - 34)?
-37
11 - (39 - 43 - 92 - -20)
87
What is the value of 14 + -26 + (-4 + -